{"id":2,"date":"2016-01-17T14:42:35","date_gmt":"2016-01-17T14:42:35","guid":{"rendered":"http:\/\/fridolin.vw-bulli.net\/\/?page_id=2"},"modified":"2016-05-12T16:24:21","modified_gmt":"2016-05-12T14:24:21","slug":"sample-page","status":"publish","type":"page","link":"http:\/\/fridolin.vw-bulli.net\/?page_id=2","title":{"rendered":"Das Vorhaben"},"content":{"rendered":"<p>Diesen Sommer soll es 3 Monate lang auf Tour gehen. Einmal wirklich ausspannen, neue Orte, Menschen und kulinarische Highlights kennenlernen.<\/p>\n<p>Da ich mich am Wasser, noch besser am Meer am wohlsten f\u00fchle, geht es auf direktem Weg an den Atlantik und dann fast immer an der K\u00fcste entlang. So der Plan f\u00fcr meine Reiseroute. Ich bin gespannt wie weit ich in den angedachten 3 Monaten komme.<\/p>\n<p><img loading=\"lazy\" class=\"alignnone wp-image-49\" src=\"http:\/\/fridolin.vw-bulli.net\/wp-content\/uploads\/2016\/03\/route2-300x213.jpg\" alt=\"route2\" width=\"528\" height=\"375\" srcset=\"http:\/\/fridolin.vw-bulli.net\/wp-content\/uploads\/2016\/03\/route2-300x213.jpg 300w, http:\/\/fridolin.vw-bulli.net\/wp-content\/uploads\/2016\/03\/route2.jpg 919w\" sizes=\"(max-width: 528px) 85vw, 528px\" \/><\/p>\n<div class=\"sharedaddy sd-sharing-enabled\"><div class=\"robots-nocontent sd-block sd-social sd-social-icon-text sd-sharing\"><h3 class=\"sd-title\">Ich bin dann mal weg ...<\/h3><div class=\"sd-content\"><ul><li><a href=\"#\" class=\"sharing-anchor sd-button share-more\"><span>Teilen<\/span><\/a><\/li><li class=\"share-end\"><\/li><\/ul><div class=\"sharing-hidden\"><div class=\"inner\" style=\"display: none;\"><ul><li class=\"share-facebook\"><a rel=\"nofollow noopener noreferrer\" data-shared=\"sharing-facebook-2\" class=\"share-facebook sd-button share-icon\" href=\"http:\/\/fridolin.vw-bulli.net\/?page_id=2&amp;share=facebook\" target=\"_blank\" title=\"Klick, um auf Facebook zu teilen\"><span>Facebook<\/span><\/a><\/li><li class=\"share-twitter\"><a rel=\"nofollow noopener noreferrer\" data-shared=\"sharing-twitter-2\" class=\"share-twitter sd-button share-icon\" href=\"http:\/\/fridolin.vw-bulli.net\/?page_id=2&amp;share=twitter\" target=\"_blank\" title=\"Klick, um \u00fcber Twitter zu teilen\"><span>Twitter<\/span><\/a><\/li><li class=\"share-end\"><\/li><li class=\"share-end\"><\/li><\/ul><\/div><\/div><\/div><\/div><\/div>","protected":false},"excerpt":{"rendered":"<p>Diesen Sommer soll es 3 Monate lang auf Tour gehen. Einmal wirklich ausspannen, neue Orte, Menschen und kulinarische Highlights kennenlernen. Da ich mich am Wasser, noch besser am Meer am wohlsten f\u00fchle, geht es auf direktem Weg an den Atlantik und dann fast immer an der K\u00fcste entlang. So der Plan f\u00fcr meine Reiseroute. Ich &hellip; <a href=\"http:\/\/fridolin.vw-bulli.net\/?page_id=2\" class=\"more-link\"><span class=\"screen-reader-text\">&#8222;Das Vorhaben&#8220; <\/span>weiterlesen<\/a><\/p>\n<div class=\"sharedaddy sd-sharing-enabled\"><div class=\"robots-nocontent sd-block sd-social sd-social-icon-text sd-sharing\"><h3 class=\"sd-title\">Ich bin dann mal weg ...<\/h3><div class=\"sd-content\"><ul><li><a href=\"#\" class=\"sharing-anchor sd-button share-more\"><span>Teilen<\/span><\/a><\/li><li class=\"share-end\"><\/li><\/ul><div class=\"sharing-hidden\"><div class=\"inner\" style=\"display: none;\"><ul><li class=\"share-facebook\"><a rel=\"nofollow noopener noreferrer\" data-shared=\"sharing-facebook-2\" class=\"share-facebook sd-button share-icon\" href=\"http:\/\/fridolin.vw-bulli.net\/?page_id=2&amp;share=facebook\" target=\"_blank\" title=\"Klick, um auf Facebook zu teilen\"><span>Facebook<\/span><\/a><\/li><li class=\"share-twitter\"><a rel=\"nofollow noopener noreferrer\" data-shared=\"sharing-twitter-2\" class=\"share-twitter sd-button share-icon\" href=\"http:\/\/fridolin.vw-bulli.net\/?page_id=2&amp;share=twitter\" target=\"_blank\" title=\"Klick, um \u00fcber Twitter zu teilen\"><span>Twitter<\/span><\/a><\/li><li class=\"share-end\"><\/li><li class=\"share-end\"><\/li><\/ul><\/div><\/div><\/div><\/div><\/div>","protected":false},"author":1,"featured_media":0,"parent":0,"menu_order":0,"comment_status":"closed","ping_status":"open","template":"","meta":{"spay_email":""},"jetpack_sharing_enabled":true,"jetpack_shortlink":"https:\/\/wp.me\/PcLMis-2","jetpack_likes_enabled":true,"_links":{"self":[{"href":"http:\/\/fridolin.vw-bulli.net\/index.php?rest_route=\/wp\/v2\/pages\/2"}],"collection":[{"href":"http:\/\/fridolin.vw-bulli.net\/index.php?rest_route=\/wp\/v2\/pages"}],"about":[{"href":"http:\/\/fridolin.vw-bulli.net\/index.php?rest_route=\/wp\/v2\/types\/page"}],"author":[{"embeddable":true,"href":"http:\/\/fridolin.vw-bulli.net\/index.php?rest_route=\/wp\/v2\/users\/1"}],"replies":[{"embeddable":true,"href":"http:\/\/fridolin.vw-bulli.net\/index.php?rest_route=%2Fwp%2Fv2%2Fcomments&post=2"}],"version-history":[{"count":2,"href":"http:\/\/fridolin.vw-bulli.net\/index.php?rest_route=\/wp\/v2\/pages\/2\/revisions"}],"predecessor-version":[{"id":150,"href":"http:\/\/fridolin.vw-bulli.net\/index.php?rest_route=\/wp\/v2\/pages\/2\/revisions\/150"}],"wp:attachment":[{"href":"http:\/\/fridolin.vw-bulli.net\/index.php?rest_route=%2Fwp%2Fv2%2Fmedia&parent=2"}],"curies":[{"name":"wp","href":"https:\/\/api.w.org\/{rel}","templated":true}]}}

<p>Diesen Sommer soll es 3 Monate lang auf Tour gehen. Einmal wirklich ausspannen, neue Orte, Menschen und kulinarische Highlights kennenlernen.</p>
<p>Da ich mich am Wasser, noch besser am Meer am wohlsten fühle, geht es auf direktem Weg an den Atlantik und dann fast immer an der Küste entlang. So der Plan für meine Reiseroute. Ich bin gespannt wie weit ich in den angedachten 3 Monaten komme.</p>
<p><img loading="lazy" class="alignnone wp-image-49" src="http://fridolin.vw-bulli.net/wp-content/uploads/2016/03/route2-300x213.jpg" alt="route2" width="528" height="375" srcset="http://fridolin.vw-bulli.net/wp-content/uploads/2016/03/route2-300x213.jpg 300w, http://fridolin.vw-bulli.net/wp-content/uploads/2016/03/route2.jpg 919w" sizes="(max-width: 528px) 85vw, 528px" /></p>
<div class="sharedaddy sd-sharing-enabled"><div class="robots-nocontent sd-block sd-social sd-social-icon-text sd-sharing"><h3 class="sd-title">Ich bin dann mal weg ...</h3><div class="sd-content"><ul><li><a href="#" class="sharing-anchor sd-button share-more"><span>Teilen</span></a></li><li class="share-end"></li></ul><div class="sharing-hidden"><div class="inner" style="display: none;"><ul><li class="share-facebook"><a rel="nofollow noopener noreferrer" data-shared="sharing-facebook-2" class="share-facebook sd-button share-icon" href="http://fridolin.vw-bulli.net/?page_id=2&amp;share=facebook" target="_blank" title="Klick, um auf Facebook zu teilen"><span>Facebook</span></a></li><li class="share-twitter"><a rel="nofollow noopener noreferrer" data-shared="sharing-twitter-2" class="share-twitter sd-button share-icon" href="http://fridolin.vw-bulli.net/?page_id=2&amp;share=twitter" target="_blank" title="Klick, um über Twitter zu teilen"><span>Twitter</span></a></li><li class="share-end"></li><li class="share-end"></li></ul></div></div></div></div></div>

<p>Diesen Sommer soll es 3 Monate lang auf Tour gehen. Einmal wirklich ausspannen, neue Orte, Menschen und kulinarische Highlights kennenlernen. Da ich mich am Wasser, noch besser am Meer am wohlsten fühle, geht es auf direktem Weg an den Atlantik und dann fast immer an der Küste entlang. So der Plan für meine Reiseroute. Ich &hellip; <a href="http://fridolin.vw-bulli.net/?page_id=2" class="more-link"><span class="screen-reader-text">&#8222;Das Vorhaben&#8220; </span>weiterlesen</a></p>
<div class="sharedaddy sd-sharing-enabled"><div class="robots-nocontent sd-block sd-social sd-social-icon-text sd-sharing"><h3 class="sd-title">Ich bin dann mal weg ...</h3><div class="sd-content"><ul><li><a href="#" class="sharing-anchor sd-button share-more"><span>Teilen</span></a></li><li class="share-end"></li></ul><div class="sharing-hidden"><div class="inner" style="display: none;"><ul><li class="share-facebook"><a rel="nofollow noopener noreferrer" data-shared="sharing-facebook-2" class="share-facebook sd-button share-icon" href="http://fridolin.vw-bulli.net/?page_id=2&amp;share=facebook" target="_blank" title="Klick, um auf Facebook zu teilen"><span>Facebook</span></a></li><li class="share-twitter"><a rel="nofollow noopener noreferrer" data-shared="sharing-twitter-2" class="share-twitter sd-button share-icon" href="http://fridolin.vw-bulli.net/?page_id=2&amp;share=twitter" target="_blank" title="Klick, um über Twitter zu teilen"><span>Twitter</span></a></li><li class="share-end"></li><li class="share-end"></li></ul></div></div></div></div></div>
